87813?
5
What is the tens digit of 133221173?
7
What is the hundred millions digit of 198812140?
1
What is the hundreds digit of 233087417?
4
What is the tens digit of 62868606?
0
What is the millions digit of 104435064?
4
What is the hundred millions digit of 2410089768?
4
What is the thousands digit of 15119472?
9
What is the hundred millions digit of 178574545?
1
What is the millions digit of 4830770?
4
What is the ten thousands digit of 424869288?
6
What is the hundred thousands digit of 234518179?
5
What is the millions digit of 91696317?
1
What is the ten millions digit of 2047451242?
4
What is the hundred thousands digit of 23424011?
4
What is the hundreds digit of 24687005?
0
What is the thousands digit of 95611253?
1
What is the hundred thousands digit of 103470025?
4
What is the millions digit of 2003581373?
3
What is the units digit of 3427599824?
4
What is the hundreds digit of 89905606?
6
What is the tens digit of 414159694?
9
What is the units digit of 3280553210?
0
What is the tens digit of 482030884?
8
What is the thousands digit of 17500495?
0
What is the units digit of 3606010751?
1
What is the hundred thousands digit of 2775449888?
4
What is the billions digit of 3584596736?
3
What is the hundred thousands digit of 62142894?
1
What is the ten millions digit of 456155629?
5
What is the hundred millions digit of 361805254?
3
What is the units digit of 56807588?
8
What is the ten millions digit of 3116302171?
1
What is the units digit of 559782725?
5
What is the hundred thousands digit of 2028813129?
8
What is the ten thousands digit of 5338238417?
3
What is the thousands digit of 199477015?
7
What is the hundreds digit of 145793492?
4
What is the units digit of 1888843?
3
What is the millions digit of 345794047?
5
What is the hundred thousands digit of 158751616?
7
What is the hundred millions digit of 594208604?
5
What is the hundred thousands digit of 363595631?
5
What is the millions digit of 83372045?
3
What is the hundreds digit of 1720226981?
9
What is the ten millions digit of 3119701801?
1
What is the units digit of 876183026?
6
What is the hundred thousands digit of 426328384?
3
What is the hundreds digit of 75473964?
9
What is the millions digit of 247742682?
7
What is the thousands digit of 4645597882?
7
What is the hundred millions digit of 1317289020?
3
What is the tens digit of 1247080875?
7
What is the hundred millions digit of 326827497?
3
What is the tens digit of 60188693?
9
What is the millions digit of 43230497?
3
What is the ten millions digit of 15529058?
1
What is the units digit of 406636308?
8
What is the ten millions digit of 373318514?
7
What is the tens digit of 257350755?
5
What is the tens digit of 363575757?
5
What is the hundred millions digit of 232711961?
2
What is the hundred thousands digit of 398204624?
2
What is the tens digit of 442455535?
3
What is the units digit of 51853567?
7
What is the ten millions digit of 2991235842?
9
What is the hundred thousands digit of 16682720?
6
What is the hundred thousands digit of 19398152?
3
What is the hundred thousands digit of 12642907?
6
What is the ten millions digit of 7425981403?
2
What is the hundred thousands digit of 53294627?
2
What is the ten millions digit of 84235629?
8
What is the hundreds digit of 259814216?
2
What is the millions digit of 5471472?
5
What is the hundred millions digit of 1430911307?
4
What is the ten millions digit of 398581802?
9
What is the ten thousands digit of 741844113?
4
What is the hundreds digit of 523840121?
1
What is the hundred millions digit of 827619084?
8
What is the thousands digit of 422270730?
0
What is the units digit of 987241577?
7
What is the hundreds digit of 3935018712?
7
What is the ten thousands digit of 1529877332?
7
What is the hundred millions digit of 606529011?
6
What is the hundred thousands digit of 153696907?
6
What is the hundreds digit of 22583316?
3
What is the tens digit of 35013035?
3
What is the ten millions digit of 121117799?
2
What is the ten thousands digit of 4099316440?
1
What is the millions digit of 16515046?
6
What is the tens digit of 223092878?
7
What is the hundred thousands digit of 751011827?
0
What is the ten thousands digit of 657823368?
2
What is the millions digit of 1430017311?
0
What is the hundreds digit of 122808553?
5
What is the hundred thousands digit of 1328691102?
6
What is the thousands digit of 324746791?
6
What is the thousands digit of 583346649?
6
What is the hundreds digit of 304119430?
4
What is the ten thousands digit of 8133706184?
0
What is the hundred thousands digit of 24400189?
4
What is the thousands digit of 13687570?
7
What is the billions digit of 1885309584?
1
What is the thousands digit of 656457112?
7
What is the ten thousands digit of 53815658?
1
What is the ten thousands digit of 2775243?
7
What is the ten thousands digit of 1644057228?
5
What is the units digit of 9875954?
4
What is the hundreds digit of 480914600?
6
What is the ten millions digit of 59105303?
5
What is the ten thousands digit of 473115806?
1
What is the thousands digit of 322153223?
3
What is the ten thousands digit of 21974983?
7
What is the hundred millions digit of 585388237?
5
What is the ten millions digit of 170970562?
7
What is the thousands digit of 454880848?
0
What is the ten thousands digit of 11563102?
6
What is the millions digit of 533340372?
3
What is the ten thousands digit of 55615901?
1
What is the thousands digit of 109466377?
6
What is the thousands digit of 2690285820?
5
What is the units digit of 19627736?
6
What is the hundred thousands digit of 194393181?
3
What is the tens digit of 116966720?
2
What is the ten thousands digit of 996890258?
9
What is the hundred millions digit of 287728717?
2
What is the ten thousands digit of 1045585404?
8
What is the units digit of 2655205886?
6
What is the thousands digit of 230192717?
2
What is the thousands digit of 287531212?
1
What is the tens digit of 19502309?
0
What is the ten millions digit of 5996302319?
9
What is the tens digit of 3861202501?
0
What is the hundreds digit of 20036465?
4
What is the hundred thousands digit of 3747331009?
3
What is the thousands digit of 3866090485?
0
What is the ten millions digit of 61105123?
6
What is the ten thousands digit of 37635691?
3
What is the hundred millions digit of 140905181?
1
What is the hundreds digit of 119200423?
4
What is the tens digit of 1816474794?
9
What is the tens digit of 621901132?
3
What is the units digit of 3377133680?
0
What is the hundred millions digit of 121550772?
1
What is the ten millions digit of 152563627?
5
What is the ten millions digit of 5052823041?
5
What is the tens digit of 227234155?
5
What is the millions digit of 26705916?
6
What is the thousands digit of 799879544?
9
What is the units digit of 550360176?
6
What is the thousands digit of 495308162?
8
What is the thousands digit of 508286609?
6
What is the thousands digit of 66458634?
8
What is the units digit of 320025731?
1
What is the hundreds digit of 1577671131?
1
What is the ten millions digit of 66975354?
6
What is the ten millions digit of 1430030644?
3
What is the ten millions digit of 91895481?
9
What is the hundred millions digit of 128846958?
1
What is the tens digit of 834003291?
9
What is the millions digit of 3139927960?
9
What is the ten millions digit of 1632222361?
3
What is the units digit of 709195607?
7
What is the tens digit of 191235278?
7
What is the ten millions digit of 590127560?
9
What is the hundred thousands digit of 45426098?
4
What is the tens digit of 45721660?
6
What is the thousands digit of 556047?
6
What is the hundred thousands digit of 164359950?
3
What is the units digit of 1534512816?
6
What is the hundred millions digit of 248053538?
2
What is the tens digit of 16136636?
3
What is the ten millions digit of 145385652?
4
What is the tens digit of 1110364550?
5
What is the hundreds digit of 337763645?
6
What is the hundred thousands digit of 547554982?
5
What is the hundreds digit of 1079289487?
4
What is the tens digit of 387057971?
7
What is the hundreds digit of 505124371?
3
What is the hundred thousands digit of 897897660?
8
What is the thousands digit of 443499951?
9
What is the millions digit of 3279033460?
9
What is